{"id":76,"date":"2016-07-31T15:08:21","date_gmt":"2016-07-31T20:08:21","guid":{"rendered":"http:\/\/accpol.org\/accpol\/?page_id=76"},"modified":"2016-08-09T08:43:24","modified_gmt":"2016-08-09T13:43:24","slug":"alianzas-y-convenios","status":"publish","type":"page","link":"https:\/\/accpol.org\/accpol\/acerca-de\/alianzas-y-convenios\/","title":{"rendered":"Alianzas y Convenios"},"content":{"rendered":"<h2>Alianzas<\/h2>\n<div class=\"su-row\">\n<div class=\"su-column su-column-size-1-4\"><div class=\"su-column-inner su-u-clearfix su-u-trim\">\n<a href=\"http:\/\/www.ipsa.org\/\" target=\"blank\"><img data-recalc-dims=\"1\" loading=\"lazy\" decoding=\"async\" class=\"alignleft size-medium wp-image-129\" src=\"https:\/\/i0.wp.com\/accpol.org\/accpol\/wp-content\/uploads\/2016\/07\/ipsa-logo.jpg?resize=300%2C61&#038;ssl=1\" alt=\"ipsa logo\" width=\"300\" height=\"61\" srcset=\"https:\/\/i0.wp.com\/accpol.org\/accpol\/wp-content\/uploads\/2016\/07\/ipsa-logo.jpg?resize=300%2C61&amp;ssl=1 300w, https:\/\/i0.wp.com\/accpol.org\/accpol\/wp-content\/uploads\/2016\/07\/ipsa-logo.jpg?resize=768%2C156&amp;ssl=1 768w, https:\/\/i0.wp.com\/accpol.org\/accpol\/wp-content\/uploads\/2016\/07\/ipsa-logo.jpg?w=800&amp;ssl=1 800w\" sizes=\"auto, (max-width: 300px) 100vw, 300px\" \/><\/a><br \/>\n<\/div><\/div>\n<div class=\"su-column su-column-size-3-4\"><div class=\"su-column-inner su-u-clearfix su-u-trim\">\n<h3><a href=\"http:\/\/www.ipsa.org\/\" target=\"blank\">IPSA \u2013 International Political Science Association<\/a><\/h3>\n<p>Fue fundada en Par\u00eds en 1949 con el apoyo de la Organizaci\u00f3n de las Naciones Unidas para la Educaci\u00f3n , la Ciencia y la Cultura (UNESCO ) . Su objetivo, es apoyar el desarrollo de la ciencia pol\u00edtica en todas partes del mundo a partir de la construcci\u00f3n de una comunidad de la ciencia pol\u00edtica incluyente y global en la que todos puedan participar. Adem\u00e1s, pretende promover la colaboraci\u00f3n entre los eruditos en las econom\u00edas emergentes y las democracias establecidas y apoyar las libertades acad\u00e9micas necesarias para las ciencias sociales que florezcan.<\/p>\n<\/div><\/div>\n<\/div>\n<hr \/>\n<div class=\"su-row\">\n<div class=\"su-column su-column-size-1-4\"><div class=\"su-column-inner su-u-clearfix su-u-trim\">\n<p><a href=\"http:\/\/www.aecpa.es\/nace-la--red-iberpol--de-asociaciones-iberoamericanas-de-ciencia-politica\/news.992\/ \"><img data-recalc-dims=\"1\" loading=\"lazy\" decoding=\"async\" class=\"alignleft size-medium wp-image-134\" src=\"https:\/\/i0.wp.com\/accpol.org\/accpol\/wp-content\/uploads\/2016\/07\/logo-iberpolhd.jpg?resize=300%2C111&#038;ssl=1\" alt=\"logo iberpolhd\" width=\"300\" height=\"111\" srcset=\"https:\/\/i0.wp.com\/accpol.org\/accpol\/wp-content\/uploads\/2016\/07\/logo-iberpolhd.jpg?resize=300%2C111&amp;ssl=1 300w, https:\/\/i0.wp.com\/accpol.org\/accpol\/wp-content\/uploads\/2016\/07\/logo-iberpolhd.jpg?resize=768%2C283&amp;ssl=1 768w, https:\/\/i0.wp.com\/accpol.org\/accpol\/wp-content\/uploads\/2016\/07\/logo-iberpolhd.jpg?w=800&amp;ssl=1 800w\" sizes=\"auto, (max-width: 300px) 100vw, 300px\" \/><\/a><\/p>\n<\/div><\/div>\n<div class=\"su-column su-column-size-3-4\"><div class=\"su-column-inner su-u-clearfix su-u-trim\">\n<h3><a href=\"http:\/\/www.aecpa.es\/nace-la--red-iberpol--de-asociaciones-iberoamericanas-de-ciencia-politica\/news.992\/ \" target=\"blank\">IBERPOL \u2013 Red Iberoamericana de Asociaciones de Ciencia Pol\u00edtica<\/a><\/h3>\n<p>La IBERPOL \u2013 Red Iberoamericana de Asociaciones de Ciencia Pol\u00edtica- es una iniciativa de un grupo de asociaciones en Am\u00e9rica Latina y la Pen\u00ednsula Ib\u00e9rica, cuyo objetivo es la cooperaci\u00f3n y el intercambio de ideas. Estas son las asociaciones que forman parte de la red actualmente:<\/p>\n<div class=\"su-list\" style=\"margin-left:0px\">\n<ul>\n<li><i class=\"sui sui-institution\" style=\"color:#333\"><\/i> <a href=\"http:\/\/www.cienciapolitica.org.br\/\" target=\"_blank\">ABCP \u2013 Associa\u00e7\u00e3o Brasileira de Ci\u00eancia Pol\u00edtica<\/a><\/li>\n<li><i class=\"sui sui-institution\" style=\"color:#333\"><\/i> <a href=\"http:\/\/www.accp.cl\/\" target=\"_blank\">AccP \u2013 Asociaci\u00f3n Chilena de Ciencia Pol\u00edtica<\/a><\/li>\n<li><i class=\"sui sui-institution\" style=\"color:#333\"><\/i> ACCPOL \u2013 Asociaci\u00f3n Colombiana de Ciencia Pol\u00edtica<\/li>\n<li><i class=\"sui sui-institution\" style=\"color:#333\"><\/i> <a href=\"http:\/\/www.aecipecuador.com\/\" target=\"_blank\">AECIP \u2013 Asociaci\u00f3n Ecuatoriana de Ciencia Pol\u00edtica<\/a><\/li>\n<li><i class=\"sui sui-institution\" style=\"color:#333\"><\/i> <a href=\"http:\/\/www.aecpa.es\/\" target=\"_blank\">AECPA \u2013 Asociaci\u00f3n Espa\u00f1ola de Ciencia Pol\u00edtica y de la Administraci\u00f3n<\/a><\/li>\n<li><i class=\"sui sui-institution\" style=\"color:#333\"><\/i> <a href=\"http:\/\/amecip.org\/\" target=\"_blank\">AMECIP \u2013 Asociaci\u00f3n Mexicana de Ciencias Pol\u00edticas<\/a><\/li>\n<li><i class=\"sui sui-institution\" style=\"color:#333\"><\/i> <a href=\"http:\/\/www.aucip.org.uy\/\" target=\"_blank\">AUCiP \u2013 Asociaci\u00f3n Uruguaya de Ciencia Pol\u00edtica<\/a><\/li>\n<\/ul>\n<\/div>\n<\/div><\/div>\n<\/div>\n<h2>Convenios<\/h2>\n<div class=\"su-row\">\n<div class=\"su-column su-column-size-1-4\"><div class=\"su-column-inner su-u-clearfix su-u-trim\">\n<a href=\"http:\/\/www.cienciapolitica.org.br\/\" target=\"blank\"><img data-recalc-dims=\"1\" decoding=\"async\" class=\"alignleft\" src=\"https:\/\/i0.wp.com\/www.cienciapolitica.org.br\/wp-content\/uploads\/2013\/04\/abcp_logo153.png?w=640\"   \/><\/a><br \/>\n<\/div><\/div>\n<div class=\"su-column su-column-size-3-4\"><div class=\"su-column-inner su-u-clearfix su-u-trim\">\n<h3><a href=\"http:\/\/www.cienciapolitica.org.br\/\" target=\"blank\">Asociaci\u00f3n Brasilera de Ciencia Pol\u00edtica &#8211; ABCP<\/a><\/h3>\n<p>Convenio de colaboraci\u00f3n rec\u00edproca en el campo de la investigaci\u00f3n cient\u00edfica. la asistencia t\u00e9cnica, y la formaci\u00f3n de recursos humanos.<\/p>\n<p><a href=\"http:\/\/accpol.org\/pdf\/Convenio%20ACCPOL%20-%20ABCP.pdf\">Descargar (PDF)<\/a><\/p>\n<\/div><\/div>\n<\/div>\n<hr \/>\n<div class=\"su-row\">\n<div class=\"su-column su-column-size-1-4\"><div class=\"su-column-inner su-u-clearfix su-u-trim\">\n<a href=\"http:\/\/amecip.org.mx\/\" target=\"blank\"><img data-recalc-dims=\"1\" decoding=\"async\" class=\"alignleft\" src=\"https:\/\/i0.wp.com\/amecip.org\/wp-content\/uploads\/2016\/03\/LogoAMECIP.jpg?w=640\"   \/><\/a><br \/>\n<\/div><\/div>\n<div class=\"su-column su-column-size-3-4\"><div class=\"su-column-inner su-u-clearfix su-u-trim\">\n<h3><a href=\"http:\/\/amecip.org.mx\/\" target=\"blank\">Asociaci\u00f3n Mexicana de Ciencias Pol\u00edticas AMECIP<\/a><\/h3>\n<p>Convenio de colaboraci\u00f3n rec\u00edproca en el campo de la investigaci\u00f3n cient\u00edfica. la asistencia t\u00e9cnica, y la formaci\u00f3n de recursos humanos.<\/p>\n<p><a href=\"http:\/\/accpol.org\/pdf\/Convenio%20ACCPOL%20-%20AMECIP.pdf\">Descargar (PDF)<\/a><\/p>\n<\/div><\/div>\n<\/div>\n","protected":false},"excerpt":{"rendered":"<p>Alianzas Convenios<\/p>\n","protected":false},"author":1,"featured_media":0,"parent":7,"menu_order":0,"comment_status":"closed","ping_status":"closed","template":"","meta":{"_acf_changed":false,"footnotes":""},"class_list":["post-76","page","type-page","status-publish","hentry"],"acf":[],"jetpack_sharing_enabled":true,"jetpack_shortlink":"https:\/\/wp.me\/P7OPcT-1e","_links":{"self":[{"href":"https:\/\/accpol.org\/accpol\/wp-json\/wp\/v2\/pages\/76","targetHints":{"allow":["GET"]}}],"collection":[{"href":"https:\/\/accpol.org\/accpol\/wp-json\/wp\/v2\/pages"}],"about":[{"href":"https:\/\/accpol.org\/accpol\/wp-json\/wp\/v2\/types\/page"}],"author":[{"embeddable":true,"href":"https:\/\/accpol.org\/accpol\/wp-json\/wp\/v2\/users\/1"}],"replies":[{"embeddable":true,"href":"https:\/\/accpol.org\/accpol\/wp-json\/wp\/v2\/comments?post=76"}],"version-history":[{"count":33,"href":"https:\/\/accpol.org\/accpol\/wp-json\/wp\/v2\/pages\/76\/revisions"}],"predecessor-version":[{"id":285,"href":"https:\/\/accpol.org\/accpol\/wp-json\/wp\/v2\/pages\/76\/revisions\/285"}],"up":[{"embeddable":true,"href":"https:\/\/accpol.org\/accpol\/wp-json\/wp\/v2\/pages\/7"}],"wp:attachment":[{"href":"https:\/\/accpol.org\/accpol\/wp-json\/wp\/v2\/media?parent=76"}],"curies":[{"name":"wp","href":"https:\/\/api.w.org\/{rel}","templated":true}]}}